{"id":700,"date":"2016-10-21T21:33:02","date_gmt":"2016-10-21T19:33:02","guid":{"rendered":"http:\/\/www.windenergietage.de\/?page_id=700"},"modified":"2018-01-12T15:55:14","modified_gmt":"2018-01-12T14:55:14","slug":"standplan","status":"publish","type":"page","link":"https:\/\/windenergietage.de\/2017\/standplan\/","title":{"rendered":"Standplan"},"content":{"rendered":"<p>Den Standplan 2017 der Yachthafenresidenz Hohe D\u00fcne finden Sie <a href=\"https:\/\/windenergietage.de\/wp-content\/uploads\/sites\/2\/2017\/11\/Hohe_Duene_88.pdf\" target=\"_blank\" rel=\"noopener noreferrer\"><strong>hier<\/strong><\/a>. (Stand 30.10.2017)<\/p>\n<p><a href=\"https:\/\/windenergietage.de\/wp-content\/uploads\/sites\/2\/2017\/11\/Hohe_Duene_88.pdf\" target=\"_blank\" rel=\"noopener noreferrer\"><img loading=\"lazy\" decoding=\"async\" class=\"alignnone wp-image-792 size-medium\" src=\"https:\/\/windenergietage.de\/wp-content\/uploads\/sites\/2\/2017\/01\/standplan_bild4-300x163.png\" alt=\"\" width=\"300\" height=\"163\" srcset=\"https:\/\/windenergietage.de\/2017\/wp-content\/uploads\/sites\/2\/2017\/01\/standplan_bild4-300x163.png 300w, https:\/\/windenergietage.de\/2017\/wp-content\/uploads\/sites\/2\/2017\/01\/standplan_bild4.png 600w\" sizes=\"auto, (max-width: 300px) 100vw, 300px\" \/><\/a><br \/>\nWir versuchen immer, Ihre Standplatzw\u00fcnsche zu ber\u00fccksichtigen!<\/p>\n<p><a href=\"https:\/\/windenergietage.de\/wp-content\/uploads\/sites\/2\/2017\/10\/2017_Ausstellerinformationen.pdf\" target=\"_blank\" rel=\"noopener\"><strong>Informationen f\u00fcr AUSSTELLER HIER.<\/strong><\/a><\/p>\n","protected":false},"excerpt":{"rendered":"<p>Den Standplan 2017 der Yachthafenresidenz Hohe D\u00fcne finden Sie hier. (Stand 30.10.2017) Wir versuchen immer, Ihre Standplatzw\u00fcnsche zu ber\u00fccksichtigen! Informationen f\u00fcr AUSSTELLER HIER.<\/p>\n","protected":false},"author":2,"featured_media":0,"parent":0,"menu_order":60,"comment_status":"closed","ping_status":"closed","template":"","meta":{"_acf_changed":false,"footnotes":""},"class_list":["post-700","page","type-page","status-publish","hentry"],"acf":[],"_links":{"self":[{"href":"https:\/\/windenergietage.de\/2017\/wp-json\/wp\/v2\/pages\/700","targetHints":{"allow":["GET"]}}],"collection":[{"href":"https:\/\/windenergietage.de\/2017\/wp-json\/wp\/v2\/pages"}],"about":[{"href":"https:\/\/windenergietage.de\/2017\/wp-json\/wp\/v2\/types\/page"}],"author":[{"embeddable":true,"href":"https:\/\/windenergietage.de\/2017\/wp-json\/wp\/v2\/users\/2"}],"replies":[{"embeddable":true,"href":"https:\/\/windenergietage.de\/2017\/wp-json\/wp\/v2\/comments?post=700"}],"version-history":[{"count":2,"href":"https:\/\/windenergietage.de\/2017\/wp-json\/wp\/v2\/pages\/700\/revisions"}],"predecessor-version":[{"id":2101,"href":"https:\/\/windenergietage.de\/2017\/wp-json\/wp\/v2\/pages\/700\/revisions\/2101"}],"wp:attachment":[{"href":"https:\/\/windenergietage.de\/2017\/wp-json\/wp\/v2\/media?parent=700"}],"curies":[{"name":"wp","href":"https:\/\/api.w.org\/{rel}","templated":true}]}}