{"id":679,"date":"2016-09-19T13:08:53","date_gmt":"2016-09-19T11:08:53","guid":{"rendered":"http:\/\/www.windenergietage.de\/?page_id=679"},"modified":"2020-06-23T09:24:17","modified_gmt":"2020-06-23T07:24:17","slug":"unterstuetzerkatalog","status":"publish","type":"page","link":"https:\/\/windenergietage.de\/2020\/unterstuetzerkatalog\/","title":{"rendered":"Unterst\u00fctzer Katalog"},"content":{"rendered":"<p><a href=\"https:\/\/windenergietage.de\/2020\/wp-content\/uploads\/sites\/5\/2020\/06\/2020_WT29_Unterstuetzerkatalog_2020-06-23_MF-complete.pdf\" target=\"_blank\" rel=\"noopener noreferrer\">Unterst\u00fctzer Katalog: Ihre W\u00fcnsche &#8211; ALLE M\u00f6glichkeiten als pdf<\/a><\/p>\n<p><a href=\"https:\/\/windenergietage.de\/2020\/wp-content\/uploads\/sites\/5\/2020\/06\/2020_WT29_Unterstuetzerkatalog_2020-06-23_MF-complete.pdf\" target=\"_blank\" rel=\"noopener noreferrer\"><img loading=\"lazy\" decoding=\"async\" class=\"aligncenter wp-image-3212 size-large\" src=\"https:\/\/windenergietage.de\/2020\/wp-content\/uploads\/sites\/5\/2019\/11\/Preview-Unterstu\u0308tzer-Katalog-2020-Linstow-Kopie-1024x768.png\" alt=\"\" width=\"640\" height=\"480\" srcset=\"https:\/\/windenergietage.de\/2020\/wp-content\/uploads\/sites\/5\/2019\/11\/Preview-Unterstu\u0308tzer-Katalog-2020-Linstow-Kopie-1024x768.png 1024w, https:\/\/windenergietage.de\/2020\/wp-content\/uploads\/sites\/5\/2019\/11\/Preview-Unterstu\u0308tzer-Katalog-2020-Linstow-Kopie-300x225.png 300w, https:\/\/windenergietage.de\/2020\/wp-content\/uploads\/sites\/5\/2019\/11\/Preview-Unterstu\u0308tzer-Katalog-2020-Linstow-Kopie-768x576.png 768w\" sizes=\"auto, (max-width: 640px) 100vw, 640px\" \/><\/a><\/p>\n","protected":false},"excerpt":{"rendered":"<p>Unterst\u00fctzer Katalog: Ihre W\u00fcnsche &#8211; ALLE M\u00f6glichkeiten als pdf<\/p>\n","protected":false},"author":1,"featured_media":0,"parent":0,"menu_order":0,"comment_status":"closed","ping_status":"closed","template":"","meta":{"_acf_changed":false,"footnotes":""},"class_list":["post-679","page","type-page","status-publish","hentry"],"acf":[],"_links":{"self":[{"href":"https:\/\/windenergietage.de\/2020\/wp-json\/wp\/v2\/pages\/679","targetHints":{"allow":["GET"]}}],"collection":[{"href":"https:\/\/windenergietage.de\/2020\/wp-json\/wp\/v2\/pages"}],"about":[{"href":"https:\/\/windenergietage.de\/2020\/wp-json\/wp\/v2\/types\/page"}],"author":[{"embeddable":true,"href":"https:\/\/windenergietage.de\/2020\/wp-json\/wp\/v2\/users\/1"}],"replies":[{"embeddable":true,"href":"https:\/\/windenergietage.de\/2020\/wp-json\/wp\/v2\/comments?post=679"}],"version-history":[{"count":23,"href":"https:\/\/windenergietage.de\/2020\/wp-json\/wp\/v2\/pages\/679\/revisions"}],"predecessor-version":[{"id":3644,"href":"https:\/\/windenergietage.de\/2020\/wp-json\/wp\/v2\/pages\/679\/revisions\/3644"}],"wp:attachment":[{"href":"https:\/\/windenergietage.de\/2020\/wp-json\/wp\/v2\/media?parent=679"}],"curies":[{"name":"wp","href":"https:\/\/api.w.org\/{rel}","templated":true}]}}