{"id":544,"date":"2016-05-31T16:01:20","date_gmt":"2016-05-31T14:01:20","guid":{"rendered":"http:\/\/www.go-seminare.de\/?page_id=544"},"modified":"2024-09-18T21:33:27","modified_gmt":"2024-09-18T19:33:27","slug":"anmeldung","status":"publish","type":"page","link":"https:\/\/windenergietage.de\/2023\/anmeldung\/","title":{"rendered":"Anmeldung"},"content":{"rendered":"<p><strong><span style=\"color: #ff0000\">Die Windenergietage 2023 sind ausgebucht.<\/span><\/strong><br \/>\n<strong><span style=\"color: #ff0000\">Wir haben eine Warteliste mit 150 Personen.<\/span><\/strong><br \/>\n<strong><span style=\"color: #ff0000\">Bitte dazu keine R\u00fcckfragen.<\/span><\/strong><\/p>\n<p><strong><span style=\"color: #ff0000\">F\u00fcr den 10.11.2023 ist eine Anmeldung m\u00f6glich<\/span><\/strong><\/p>\n<p>&nbsp;<\/p>\n<div class=\"clear line\"><\/div>\n<p>*zzgl. MwSt<\/p>\n<p><strong style=\"font-size: 1.125em\">R\u00fccktritt:\u00a0<\/strong><br \/>\nF\u00fcr die Windenergietage 2023:<br \/>\nBitte haben Sie Verst\u00e4ndnis daf\u00fcr, dass wir Ihnen im Fall einer Abmeldung von der Veranstaltung (bitte nur schriftlich), bei Fernbleiben am Seminartag oder bei Abbruch der Teilnahme, unten genannte Kosten in Rechnung stellen. Gern begr\u00fc\u00dfen wir eine Ersatzperson. Ein \u00dcbertrag auf die Veranstaltung im folgenden Jahr ist nicht mehr m\u00f6glich.<\/p>\n<p>Stornokosten entstehen bis zum 03.09.2023 nicht (Bearbeitungsgeb\u00fchr von 55 EUR pro Rechnung, wird bei der Erstattung abgezogen)<\/p>\n<p>Stornierung vom 04.09. \u2013 02.10.2023 30 %<\/p>\n<p>Stornierung vom 03.10. \u2013 15.10.2023 50 %<\/p>\n<p>Stornierung vom 16.10. \u2013 29.10.2023 70 %<\/p>\n<p>Stornierung vom 30.10. \u2013 05.11.2023 80 %<\/p>\n<p>Stornierung ab 06.11.2023 100%<\/p>\n<p>Programm\u00e4nderungen aus dringendem Anlass (besonders Wind und Wetter) beh\u00e4lt sich der Veranstalter vor.<\/p>\n","protected":false},"excerpt":{"rendered":"<p>Die Windenergietage 2023 sind ausgebucht. Wir haben eine Warteliste mit 150 Personen. Bitte dazu keine R\u00fcckfragen. F\u00fcr den 10.11.2023 ist eine Anmeldung m\u00f6glich &nbsp; *zzgl. MwSt R\u00fccktritt:\u00a0 F\u00fcr die Windenergietage&#8230;<\/p>\n","protected":false},"author":1,"featured_media":0,"parent":0,"menu_order":15,"comment_status":"closed","ping_status":"closed","template":"","meta":{"_acf_changed":false,"footnotes":""},"class_list":["post-544","page","type-page","status-publish","hentry"],"acf":[],"_links":{"self":[{"href":"https:\/\/windenergietage.de\/2023\/wp-json\/wp\/v2\/pages\/544","targetHints":{"allow":["GET"]}}],"collection":[{"href":"https:\/\/windenergietage.de\/2023\/wp-json\/wp\/v2\/pages"}],"about":[{"href":"https:\/\/windenergietage.de\/2023\/wp-json\/wp\/v2\/types\/page"}],"author":[{"embeddable":true,"href":"https:\/\/windenergietage.de\/2023\/wp-json\/wp\/v2\/users\/1"}],"replies":[{"embeddable":true,"href":"https:\/\/windenergietage.de\/2023\/wp-json\/wp\/v2\/comments?post=544"}],"version-history":[{"count":13,"href":"https:\/\/windenergietage.de\/2023\/wp-json\/wp\/v2\/pages\/544\/revisions"}],"predecessor-version":[{"id":5922,"href":"https:\/\/windenergietage.de\/2023\/wp-json\/wp\/v2\/pages\/544\/revisions\/5922"}],"wp:attachment":[{"href":"https:\/\/windenergietage.de\/2023\/wp-json\/wp\/v2\/media?parent=544"}],"curies":[{"name":"wp","href":"https:\/\/api.w.org\/{rel}","templated":true}]}}