{"id":1191,"date":"2017-09-11T12:42:10","date_gmt":"2017-09-11T10:42:10","guid":{"rendered":"https:\/\/windenergietage.de\/?page_id=1191"},"modified":"2024-10-01T20:20:47","modified_gmt":"2024-10-01T18:20:47","slug":"hotelliste","status":"publish","type":"page","link":"https:\/\/windenergietage.de\/2024\/hotelliste\/","title":{"rendered":"\u00dcbernachtung"},"content":{"rendered":"<p><strong>Tagungshotel<br \/>\n<\/strong><strong><a href=\"https:\/\/linstow.vandervalk.de\" target=\"_blank\" rel=\"noopener noreferrer\">Van der Valk Resort Linstow<\/a><\/strong><br \/>\nKrakower Chaussee 1<br \/>\n18292 Linstow<\/p>\n<p><strong><span style=\"color: #ff0000\">Das Tagungshotel ist mit 1100 Zimmern ausgebucht.<\/span><\/strong><\/p>\n<p>F\u00fcr Wohnmobilisten gibt es Stellpl\u00e4tze am hinteren Haupteingang. Die Anmeldung erfolgt \u00fcber die Rezeption vor Ort. Im Preis von 55\u20ac\/Nacht ist ein Stromanschluss, Zugang zum Duschbereich im Schwimmbad sowie Fr\u00fchst\u00fcck im Van der Valk Resort enthalten.<\/p>\n<p><div class=\"clear line\"><\/div><br \/>\nbei den folgenden \u00dcbernachtungsm\u00f6glichkeiten gilt:<br \/>\n<span style=\"color: #339966\">*<\/span> Transfer durch Spreewind (Fahrpl\u00e4ne und Haltestellen)<br \/>\n<span style=\"color: #ff0000\">x<\/span> kein Transfer<br \/>\n<div class=\"clear line\"><\/div><\/p>\n<p>In Krakow am See (nur 10 Minuten Fahrzeit entfernt!) finden Sie viele Ferienh\u00e4user, Pensionen, Hotels und Ferienwohnungen (<strong><a href=\"https:\/\/buchen.krakow-am-see.de\/\" target=\"_blank\" rel=\"noopener\">krakow-am-see.de<\/a><\/strong>)<\/p>\n<p><span style=\"color: #ff0000\">Es wird Transferm\u00f6glichkeiten zum Van der Valk Resort Linstow geben. Die genauen Haltestellen folgen noch.<\/span><\/p>\n<p><span style=\"font-size: 1.125em\">Fr\u00fchst\u00fcck erhalten Sie ohne Mehrkosten im Tagungshotel in Linstow.<\/span><\/p>\n<div class=\"clear line\"><\/div>\n<p><a href=\"https:\/\/www.sea-you-in-klink.de\/\" target=\"_blank\" rel=\"noopener\"><strong>Hotel Sea you<\/strong><\/a><br \/>\n<strong><span style=\"color: #339966\">*<\/span> Transfer durch Spreewind vom Seehotel Schloss Klink (400m entfernt)<\/strong><\/p>\n<div class=\"clear line\"><\/div>\n<p><a href=\"http:\/\/www.alter-speicher-klink.de\/index.php\" target=\"_blank\" rel=\"noopener\"><strong>Appartementhaus Alter Speicher<\/strong><\/a><br \/>\n<strong><span style=\"color: #339966\">*<\/span> Transfer durch Spreewind vom Seehotel Schloss Klink (250m entfernt)<\/strong><\/p>\n<div class=\"clear line\"><\/div>\n<p>weiter Unterk\u00fcnfte in Klink unter <strong><a href=\"https:\/\/www.klink.m-vp.de\/unterkuenfte\/\" target=\"_blank\" rel=\"noopener\">https:\/\/www.klink.m-vp.de\/unterkuenfte\/<\/a><br \/>\n<span style=\"color: #339966\">*<\/span> Transfer durch Spreewind vom Seehotel Schloss Klink<\/strong><\/p>\n<div class=\"clear line\"><\/div>\n<p><a href=\"https:\/\/maremueritz.com\/\" target=\"_blank\" rel=\"noopener\"><strong>Marem\u00fcritz Yachthafen Resort<\/strong><\/a><br \/>\n<strong><span style=\"color: #339966\">*<\/span> Transfer durch Spreewind vom Bahnhof Waren (2500m entfernt)<\/strong><br \/>\nAm Seeufer 50<br \/>\n17192 Waren (M\u00fcritz)<\/p>\n<p><a href=\"https:\/\/windenergietage.de\/2024\/wp-content\/uploads\/sites\/9\/2024\/04\/Maremueritz-Yachthafen-Resort.pdf\" target=\"_blank\" rel=\"noopener\"><strong>Buchungsformular Marem\u00fcritz Yachthafen Resort<\/strong><\/a><\/p>\n<div class=\"clear line\"><\/div>\n<p><strong><a href=\"https:\/\/www.mueritzpalais.de\/\" target=\"_blank\" rel=\"noopener\">Aparthotel M\u00fcritzpalais<\/a><\/strong><br \/>\n<strong><span style=\"color: #339966\">*<\/span> Transfer durch Spreewind vom Bahnhof Waren (900m entfernt)<br \/>\n<\/strong>Kietzstra\u00dfe 1<br \/>\n17192 Waren (M\u00fcritz)<br \/>\n<strong><br \/>\n<\/strong>Buchungen unter dem Stichwort &#8222;Windenergietage&#8220;<br \/>\nper Mail an <u><a href=\"mailto:reservierung@mueritzpalais.de\">reservierung@mueritzpalais.de<\/a><\/u><br \/>\noder telefonisch unter 03991-7489111<\/p>\n<p>EZ 109\u20ac\/Nacht<br \/>\nDZ 125\u20ac\/Nacht<\/p>\n<div class=\"clear line\"><\/div>\n<p><strong><a href=\"https:\/\/www.hotel-sonne-waren.de\/\" target=\"_blank\" rel=\"noopener\">Hotel Zur Sonne<\/a><br \/>\n<span style=\"color: #339966\">*<\/span> Transfer durch Spreewind vom Bahnhof Waren (150m entfernt)<br \/>\n<\/strong>Mozartstra\u00dfe 17<br \/>\n17192 Waren (M\u00fcritz)<strong><br \/>\n<\/strong><\/p>\n<div class=\"clear line\"><\/div>\n<p><a href=\"http:\/\/hotel-am-bahnhof-waren.de\/\" target=\"_blank\" rel=\"noopener\"><strong>Hotel Am Bahnhof<\/strong><\/a><br \/>\n<strong><span style=\"color: #339966\">*<\/span> Transfer durch Spreewind vom Bahnhof Waren (150m entfernt)<br \/>\n<\/strong>Bahnhofstra\u00dfe 19<br \/>\n17192 Waren (M\u00fcritz)<\/p>\n<div class=\"clear line\"><\/div>\n<p><a href=\"https:\/\/hotelzwischendenseen.de\/\" target=\"_blank\" rel=\"noopener\"><strong>Hotel zwischen den Seen<\/strong><\/a><br \/>\n<strong><span style=\"color: #339966\">*<\/span> Transfer durch Spreewind vom Bahnhof Waren (900m entfernt)<br \/>\n<\/strong>Am M\u00fchlenberg 4<br \/>\n17192 Waren (M\u00fcritz)<\/p>\n<div class=\"clear line\"><\/div>\n<p><strong><a href=\"https:\/\/hotel-am-tiefwarensee.de\/\" target=\"_blank\" rel=\"noopener\">Hotel Am Tiefwarensee<\/a><\/strong><br \/>\n<strong><span style=\"color: #339966\">*<\/span> Transfer durch Spreewind vom Bahnhof Waren (900m entfernt)<br \/>\n<\/strong>Richard-Wossidlo-Stra\u00dfe 7<br \/>\n17192 Waren (M\u00fcritz)<\/p>\n<div class=\"clear line\"><\/div>\n<p><a href=\"https:\/\/www.am-brauhaus.de\/\" target=\"_blank\" rel=\"noopener\"><strong>Hotel Am Brauhaus<\/strong><\/a><br \/>\n<strong><span style=\"color: #339966\">*<\/span> Transfer durch Spreewind vom Bahnhof Waren (700m entfernt)<br \/>\n<\/strong>Am Tiefwarensee 1<br \/>\n17192 Waren (M\u00fcritz)<\/p>\n<div class=\"clear line\"><\/div>\n<p><span style=\"font-size: 1.125em\">200 Ferienh\u00e4user bzw. Ferienwohnungen k\u00f6nnen Sie unter<br \/>\nUrlaub in G\u00f6hren-Lebbin (<a href=\"http:\/\/goehren-lebbin.com\/\" target=\"_blank\" rel=\"noopener\"><strong>goehren-lebbin.com<\/strong><\/a>) buchen.<br \/>\n<\/span><span style=\"font-size: 1.125em\"><br \/>\nDie Transferbusse zu den Hotels nach Fleesensee k\u00f6nnen mitbenutzt werden.<br \/>\nHaltestellen am Schlo\u00dfhotel, Beach Resort und Seehotel.<br \/>\nDiese sind von den H\u00e4usern oft fu\u00dfl\u00e4ufig erreichbar.<\/span><\/p>\n<p><span style=\"font-size: 1.125em\">Fr\u00fchst\u00fcck erhalten Sie ohne Mehrkosten im Tagungshotel in Linstow.<\/span><\/p>\n<p><span style=\"font-size: 1.125em\"><div class=\"clear line\"><\/div><\/span><\/p>\n<p>In der Inselstadt Malchow (15 Minuten Fahrzeit entfernt) gibt es ebenfalls noch Ferienh\u00e4user, Pensionen und Hotels (<a href=\"https:\/\/buchen.visit-malchow.de\/?adults=2&amp;children=0&amp;page=1&amp;view=list&amp;additional_occupancy_data=[{%22adults%22:%222%22,%22children_ages%22:[],%22children%22:[]}]&amp;occupationList=2&amp;oCategory[]=1&amp;oCategory[]=8&amp;oCategory[]=2&amp;oCategory[]=5&amp;occupation=2#ibe-list\"><strong>inselstadt-malchow<\/strong><\/a>).<\/p>\n<p><span style=\"font-size: 1.125em\">Fr\u00fchst\u00fcck erhalten Sie ohne Mehrkosten im Tagungshotel in Linstow.<\/span><\/p>\n<p><span style=\"font-size: 1.125em\"><div class=\"clear line\"><\/div><\/span><\/p>\n<p><a href=\"https:\/\/www.daskulturhaus.de\/index.htm\" target=\"_blank\" rel=\"noopener\"><strong>Das Haus am Teich<\/strong><\/a><br \/>\n<strong><span style=\"color: #339966\">*<\/span> Transfer durch Spreewind, Haltestelle ca. 200m entfernt<br \/>\n<\/strong>Dorfstra\u00dfe 22<br \/>\nOT Gro\u00df Grabow<br \/>\n18292 Krakow am See<\/p>\n<div class=\"clear line\"><\/div>\n<p><a href=\"https:\/\/www.burg-schlitz.de\/\" target=\"_blank\" rel=\"noopener\"><strong>Schlosshotel Burg Schlitz<\/strong><\/a><br \/>\n<strong><span style=\"color: #ff0000\">x<\/span> kein Transfer<\/strong><br \/>\n(20 Minuten vom Tagungshotel entfernt)<br \/>\nBurg Schlitz 2<br \/>\n17166 Hohen Demzin<\/p>\n<p><a href=\"https:\/\/windenergietage.de\/2024\/wp-content\/uploads\/sites\/9\/2024\/10\/Burg-Schlitz-241001.pdf\" target=\"_blank\" rel=\"noopener\"><strong>Buchungsformular Schlosshotel Burg Schlitz<\/strong><\/a><\/p>\n<div class=\"clear line\"><\/div>\n<p><a href=\"https:\/\/www.sporthotel-malchow.de\/\" target=\"_blank\" rel=\"noopener\"><strong>Sporthotel Swiderski<\/strong><\/a><br \/>\n<strong><span style=\"color: #ff0000\">x<\/span> kein Transfer<\/strong><br \/>\n(20 Minuten vom Tagungshotel entfernt)<br \/>\nSchulstra\u00dfe 6<br \/>\n17213 Malchow<\/p>\n<p><a href=\"https:\/\/windenergietage.de\/2024\/wp-content\/uploads\/sites\/9\/2023\/08\/Sporthotel-Swiderski-Malchow.pdf\" target=\"_blank\" rel=\"noopener\"><strong>Buchungsformular Sporthotel Swiderski<\/strong><\/a><\/p>\n<div class=\"clear line\"><\/div>\n<p><a href=\"https:\/\/www.schloss-schorssow.de\/\" target=\"_blank\" rel=\"noopener\"><strong>Seeschloss Schorssow<\/strong><\/a><br \/>\n<strong><span style=\"color: #ff0000\">x<\/span> kein Transfer<\/strong><br \/>\n(20 Minuten vom Tagungshotel entfernt)<br \/>\nAm Haussee 3<br \/>\n17166 Schorssow<br \/>\nTelefon 039933 790<\/p>\n<p><a href=\"https:\/\/windenergietage.de\/2024\/wp-content\/uploads\/sites\/9\/2024\/09\/Seeschloss-Schorssow-04.09.2024.pdf\" target=\"_blank\" rel=\"noopener\"><strong>Buchungsformular Seeschloss Schorssow<\/strong><\/a><\/p>\n<div class=\"clear line\"><\/div>\n<p><a href=\"https:\/\/farmerhotel.de\/\" target=\"_blank\" rel=\"noopener\"><strong>Farmer Hotel<\/strong><\/a><br \/>\n<strong><span style=\"color: #ff0000\">x<\/span> kein Transfer<br \/>\n<\/strong>(25 Minuten vom Tagungshotel entfernt)<br \/>\nBrauereiweg 1<br \/>\n17139 Basedow (Mecklenburg)<\/p>\n<p><a href=\"https:\/\/windenergietage.de\/2024\/wp-content\/uploads\/sites\/9\/2024\/05\/Farmer-Hotel-Basedow.pdf\" target=\"_blank\" rel=\"noopener\"><strong>Buchungsformular Farmer Hotel Basedow<\/strong><\/a><\/p>\n<div class=\"clear line\"><\/div>\n<p><a href=\"https:\/\/www.beechresort-plauer-see.com\/\" target=\"_blank\" rel=\"noopener\"><strong>BEECH Resort Plauer See<\/strong><\/a><br \/>\n<strong><span style=\"color: #ff0000\">x<\/span> kein Transfer<\/strong><br \/>\n(30 Minuten vom Tagungshotel entfernt)<br \/>\nDresenower M\u00fchle 9<br \/>\n19395 Ganzlin<\/p>\n<p><a href=\"https:\/\/windenergietage.de\/2024\/wp-content\/uploads\/sites\/9\/2023\/12\/BEECH-Resort-Plauer-See.pdf\" target=\"_blank\" rel=\"noopener\"><strong>Buchungsformular BEECH Resort Plauer See<\/strong><\/a><\/p>\n<div class=\"clear line\"><\/div>\n<p><a href=\"https:\/\/www.falk-seehotels.de\/hotel-plau-am-see\/\" target=\"_blank\" rel=\"noopener\"><strong>Falk Seehotel Plau am See<\/strong><\/a><br \/>\n<strong><span style=\"color: #ff0000\">x<\/span> kein Transfer<\/strong><br \/>\n(30 Minuten vom Tagungshotel entfernt)<br \/>\nHermann-Niemann-Stra\u00dfe 6<br \/>\n19395 Plau am See<br \/>\nTelefon 038735-84-0<\/p>\n<p><a href=\"https:\/\/windenergietage.de\/2024\/wp-content\/uploads\/sites\/9\/2023\/06\/Falk-Seehotel-Plau-am-See.pdf\" target=\"_blank\" rel=\"noopener\"><strong>Buchungsformular Falk Seehotel<\/strong><\/a><\/p>\n<div class=\"clear line\"><\/div>\n<p><a href=\"https:\/\/www.klueschenberg.de\/\" target=\"_blank\" rel=\"noopener\"><strong>Parkhotel Kl\u00fcschenberg<\/strong><\/a><br \/>\n<strong><span style=\"color: #ff0000\">x<\/span> kein Transfer<\/strong><br \/>\n(30 Minuten vom Tagungshotel entfernt)<br \/>\nKl\u00fcschenberg 14<br \/>\n19395 Plau am See<\/p>\n<p><a href=\"https:\/\/windenergietage.de\/2024\/wp-content\/uploads\/sites\/9\/2024\/04\/Hotel-Klueschenberg-II.pdf\" target=\"_blank\" rel=\"noopener\"><strong>Buchugsformular Parkhotel Kl\u00fcschenberg<\/strong><\/a><\/p>\n<div class=\"clear line\"><\/div>\n<p><a href=\"https:\/\/www.trihotel-rostock.de\/\" target=\"_blank\" rel=\"noopener\"><strong>TRIHOTEL Rostock<\/strong><\/a><br \/>\n<strong><span style=\"color: #ff0000\">x<\/span> kein Transfer<\/strong><br \/>\n(35 Minuten vom Tagungshotel entfernt)<br \/>\nTessiner Stra\u00dfe 103<br \/>\n18055 Rostock<\/p>\n<p><a href=\"https:\/\/windenergietage.de\/2024\/wp-content\/uploads\/sites\/9\/2023\/07\/TRIHOTEL-Rostock.pdf\" target=\"_blank\" rel=\"noopener\"><strong>Buchungsformular TRIHOTEL Rostock<\/strong><\/a><\/p>\n<div class=\"clear line\"><\/div>\n<p><a href=\"https:\/\/www.radissonhotels.com\/de-de\/hotels\/radisson-blu-rostock\" target=\"_blank\" rel=\"noopener\"><strong>Radisson Blu Rostock<\/strong><\/a><br \/>\n<strong><span style=\"color: #ff0000\">x<\/span> kein Transfer<\/strong><br \/>\n(40 Minuten vom Tagungshotel entfernt)<br \/>\nLange Stra\u00dfe 40<br \/>\n18055 Rostock<\/p>\n<p><a href=\"https:\/\/windenergietage.de\/2024\/wp-content\/uploads\/sites\/9\/2023\/08\/Radisson-Blu-Rostock.pdf\" target=\"_blank\" rel=\"noopener\"><strong>Buchungsformular Radisson Blu Rostock<\/strong><\/a><\/p>\n<div class=\"clear line\"><\/div>\n<p><a href=\"https:\/\/www.pentahotels.com\/de\/hotels\/deutschland\/rostock\" target=\"_blank\" rel=\"noopener\"><strong>Penta Hotel Rostock<\/strong><\/a><br \/>\n<strong><span style=\"color: #ff0000\">x<\/span> kein Transfer<\/strong><br \/>\n(40 Minuten vom Tagungshotel entfernt)<br \/>\nSchwaansche Stra\u00dfe 6<br \/>\n18055 Rostock<\/p>\n<p><a href=\"https:\/\/windenergietage.de\/2024\/wp-content\/uploads\/sites\/9\/2023\/08\/Penta-Hotel-Rostock.pdf\" target=\"_blank\" rel=\"noopener\"><strong>Buchungsformular Penta Hotel Rostock<\/strong><\/a><\/p>\n<div class=\"clear line\"><\/div>\n<p><b><a href=\"https:\/\/www.reutereiche.de\/\" target=\"_blank\" rel=\"noopener\">Hotel Reutereiche<\/a><br \/>\n<strong><span style=\"color: #ff0000\">x<\/span> kein Transfer<\/strong><br \/>\n<\/b>(40 Minuten vom Tagungshotel entfernt)<br \/>\nWerdohler Stra\u00dfe 4<br \/>\n17153 Stavenhagen<br \/>\nTelefon 039954-340<\/p>\n<p><a href=\"https:\/\/windenergietage.de\/2024\/wp-content\/uploads\/sites\/9\/2023\/12\/Hotel-Reutereiche.pdf\" target=\"_blank\" rel=\"noopener\"><strong>Buchungsformular Hotel Reutereiche<\/strong><\/a><\/p>\n<div class=\"clear line\"><\/div>\n<p><a href=\"https:\/\/www.schloss-vietgest.de\/\" target=\"_blank\" rel=\"noopener\"><strong>Schlo\u00df Vietgest<\/strong><\/a><br \/>\n<strong><span style=\"color: #ff0000\">x<\/span> kein Transfer<\/strong><br \/>\n(15 Minuten vom Tagungshotel entfernt)<br \/>\nSchlo\u00dfstra\u00dfe 4<br \/>\n18279 Lalendorf OT Vietgest<br \/>\nTelefon 038452 228180<\/p>\n<p><strong><span style=\"color: #ff0000\">&#8211; ausgebucht &#8211;<\/span><\/strong><\/p>\n<div class=\"clear line\"><\/div>\n<p><strong><a href=\"https:\/\/schlosshotel-fleesensee.com\/\" target=\"_blank\" rel=\"noopener\">SCHLOSS Hotel Fleesensee<\/a><br \/>\n<\/strong><strong><span style=\"color: #339966\">*<\/span> Transfer durch Spreewind<\/strong><br \/>\n(25 Minuten vom Tagungshotel entfernt)<br \/>\n17213 G\u00f6hren-Lebbin<br \/>\nTelefon 039932 80100<\/p>\n<p><strong><span style=\"color: #ff0000\">&#8211; ausgebucht &#8211;<br \/>\n\u00fcber Buchungsportale noch Zimmer verf\u00fcgbar<\/span><\/strong><\/p>\n<div class=\"clear line\"><\/div>\n<p><strong><a href=\"https:\/\/windenergietage.de\/2022\/wp-content\/uploads\/sites\/7\/2022\/03\/Reservierungsformular_BEECH-Resort.pdf\" target=\"_blank\" rel=\"noopener\">BEECH Resort Fleesensee<\/a><\/strong><br \/>\n<strong><span style=\"color: #339966\">*<\/span> Transfer durch Spreewind<\/strong><br \/>\n(25 Minuten vom Tagungshotel entfernt)<br \/>\nAm Kalkberg 1<br \/>\n17213 G\u00f6hren-Lebbin<br \/>\nTelefon 039932 80 30 0<\/p>\n<p><strong><span style=\"color: #ff0000\">&#8211; ausgebucht &#8211;<\/span><\/strong><\/p>\n<div class=\"clear line\"><\/div>\n<p><a href=\"https:\/\/www.seehotel-fleesensee.de\/\" target=\"_blank\" rel=\"noopener\"><strong>Seehotel Fleesensee<\/strong><\/a> (ehemals TUI Blue Fleesensee)<br \/>\n<strong><span style=\"color: #339966\">*<\/span> Transfer durch Spreewind<\/strong><br \/>\n(30 Minuten vom Tagungshotelentfernt)<br \/>\nSeeblick 30<br \/>\n17213 G\u00f6hren-Lebbin<\/p>\n<p><strong><span style=\"color: #ff0000\">&#8211; ausgebucht &#8211;<\/span><\/strong><\/p>\n<div class=\"clear line\"><\/div>\n<p><a href=\"https:\/\/www.hotel-am-schlosspark-guestrow.de\/\" target=\"_blank\" rel=\"noopener\"><strong>Hotel am Schlosspark G\u00fcstrow<\/strong><\/a><br \/>\n<strong><span style=\"color: #339966\">*<\/span> Transfer durch Spreewind<\/strong><br \/>\n(25 Minuten vom Tagungshotel entfernt)<br \/>\nNeuwieder Weg<br \/>\n18273 G\u00fcstrow<br \/>\nTelefon 03843-277960<\/p>\n<p><strong><span style=\"color: #ff0000\">&#8211; ausgebucht &#8211;<\/span><\/strong><\/p>\n<div class=\"clear line\"><\/div>\n<p><a href=\"https:\/\/www.familienhotel-am-tierpark-guestrow.de\/\" target=\"_blank\" rel=\"noopener\"><strong>Hotel am Tierpark<\/strong><\/a><br \/>\n<strong><span style=\"color: #339966\">*<\/span> Transfer durch Spreewind<\/strong><br \/>\n(30 Minuten vom Tagungshotel entfernt)<br \/>\nVerbindungschaussee 7<br \/>\n18273 Gu\u0308strow<br \/>\nTelefon 03843 46 55 0<\/p>\n<p><strong><span style=\"color: #ff0000\">&#8211; ausgebucht &#8211;<\/span><\/strong><\/p>\n<div class=\"clear line\"><\/div>\n<p><a href=\"https:\/\/www.ringhotel-altstadt-guestrow.de\/\" target=\"_blank\" rel=\"noopener\"><strong>Ringhotel Altstadt<\/strong><\/a><br \/>\n<strong><span style=\"color: #339966\">*<\/span> Transfer durch Spreewind<\/strong><br \/>\n(30 Minuten vom Tagungshotel entfernt)<br \/>\nBaustr. 8-10<br \/>\n18273 G\u00fcstrow<br \/>\nTelefon 03843 46 55 0<\/p>\n<p><strong><span style=\"color: #ff0000\">&#8211; ausgebucht &#8211;<\/span><\/strong><\/p>\n<p><span style=\"font-size: 1.125em\"><div class=\"clear line\"><\/div><\/span><\/p>\n<p><a href=\"https:\/\/www.strandhaus-guestrow.de\/\" target=\"_blank\" rel=\"noopener\"><strong>Strandhaus am Inselsee\/Kurhaus am Inselsee<\/strong><\/a><br \/>\n<strong><span style=\"color: #339966\">*<\/span> Transfer durch Spreewind<\/strong><br \/>\n(25 Minuten vom Tagungshotel entfernt)<br \/>\nHeideberg 5<br \/>\n18273 G\u00fcstrow<br \/>\nTelefon\u00a00 38 43-850 200<\/p>\n<p><strong><span style=\"color: #ff0000\">&#8211; ausgebucht &#8211;<\/span><\/strong><\/p>\n<div class=\"clear line\"><\/div>\n<p><a href=\"https:\/\/www.ulrichshusen.de\/\" target=\"_blank\" rel=\"noopener\"><strong>Schloss Ulrichshusen<\/strong><\/a><br \/>\n<strong><span style=\"color: #ff0000\">x<\/span> kein Transfer<\/strong><br \/>\n(20 Minuten vom Tagungshotel entfernt)<br \/>\nSeestra\u00dfe 14<br \/>\n17194 Ulrichshusen<br \/>\n039953-7900<\/p>\n<p><strong><span style=\"color: #ff0000\">&#8211; ausgebucht &#8211;<\/span><\/strong><\/p>\n<div class=\"clear line\"><\/div>\n<p><a href=\"https:\/\/www.schlosshotel-klink.de\/\" target=\"_blank\" rel=\"noopener\"><strong>Seehotel Schloss Klink<\/strong><\/a><br \/>\n<strong><span style=\"color: #339966\">*<\/span> Transfer durch Spreewind<\/strong><br \/>\n(30 Minuten vom Tagungshotel entfernt)<br \/>\nSchlossstra\u00dfe 6<br \/>\n17192 Klink<br \/>\nTelefon 03991 747225<\/p>\n<p><strong><span style=\"color: #ff0000\">&#8211; ausgebucht &#8211;<\/span><\/strong><\/p>\n<div class=\"clear line\"><\/div>\n<p><strong><a href=\"https:\/\/www.rosendomizil.de\/willkommen\" target=\"_blank\" rel=\"noopener\">Hotel Rosendomizil<\/a><br \/>\n<span style=\"color: #ff0000\">x<\/span> kein Transfer<\/strong><br \/>\n(20 Minuten vom Tagungshotel entfernt)<br \/>\nLange Stra\u00dfe 2-6<br \/>\n17213 Malchow<br \/>\n<a href=\"https:\/\/windenergietage.de\/2024\/wp-content\/uploads\/sites\/9\/2023\/08\/Hotel-Rosendomizil.pdf\" target=\"_blank\" rel=\"noopener\">Telefon 039932 &#8211; 18065<\/a><\/p>\n<p><strong><span style=\"color: #ff0000\">&#8211; ausgebucht &#8211; Warteliste m\u00f6glich!<\/span><\/strong><\/p>\n","protected":false},"excerpt":{"rendered":"<p>Tagungshotel Van der Valk Resort Linstow Krakower Chaussee 1 18292 Linstow Das Tagungshotel ist mit 1100 Zimmern ausgebucht. F\u00fcr Wohnmobilisten gibt es Stellpl\u00e4tze am hinteren Haupteingang. Die Anmeldung erfolgt \u00fcber&#8230;<\/p>\n","protected":false},"author":1,"featured_media":0,"parent":0,"menu_order":30,"comment_status":"closed","ping_status":"closed","template":"","meta":{"_acf_changed":false,"footnotes":""},"class_list":["post-1191","page","type-page","status-publish","hentry"],"acf":[],"_links":{"self":[{"href":"https:\/\/windenergietage.de\/2024\/wp-json\/wp\/v2\/pages\/1191","targetHints":{"allow":["GET"]}}],"collection":[{"href":"https:\/\/windenergietage.de\/2024\/wp-json\/wp\/v2\/pages"}],"about":[{"href":"https:\/\/windenergietage.de\/2024\/wp-json\/wp\/v2\/types\/page"}],"author":[{"embeddable":true,"href":"https:\/\/windenergietage.de\/2024\/wp-json\/wp\/v2\/users\/1"}],"replies":[{"embeddable":true,"href":"https:\/\/windenergietage.de\/2024\/wp-json\/wp\/v2\/comments?post=1191"}],"version-history":[{"count":68,"href":"https:\/\/windenergietage.de\/2024\/wp-json\/wp\/v2\/pages\/1191\/revisions"}],"predecessor-version":[{"id":5479,"href":"https:\/\/windenergietage.de\/2024\/wp-json\/wp\/v2\/pages\/1191\/revisions\/5479"}],"wp:attachment":[{"href":"https:\/\/windenergietage.de\/2024\/wp-json\/wp\/v2\/media?parent=1191"}],"curies":[{"name":"wp","href":"https:\/\/api.w.org\/{rel}","templated":true}]}}