{"id":544,"date":"2016-05-31T16:01:20","date_gmt":"2016-05-31T14:01:20","guid":{"rendered":"http:\/\/www.go-seminare.de\/?page_id=544"},"modified":"2024-11-13T12:45:58","modified_gmt":"2024-11-13T11:45:58","slug":"anmeldung","status":"publish","type":"page","link":"https:\/\/windenergietage.de\/2024\/anmeldung\/","title":{"rendered":"Anmeldung"},"content":{"rendered":"<h5><span style=\"color: #ff0000\">Anmeldungen sind nicht mehr m\u00f6glich<\/span><\/h5>\n<div class=\"clear line\"><\/div>\n<p>*zzgl. MwSt<\/p>\n<p><strong><u>R\u00fccktrittskonditionen f\u00fcr die Windenergietage 2024:<\/u><\/strong><\/p>\n<p>Bei allen Stornierungen der bereits in Rechnung gestellten Positionen, berechnen wir eine <strong>Bearbeitungsgeb\u00fchr<\/strong> von <strong>55 EUR <\/strong>pro Gutschrift.<\/p>\n<p><strong><u>Wir erstatten bei Stornierungen:<\/u><\/strong><\/p>\n<p><strong>bis zum 30. Aug 2024\u00a0\u00a0 -&gt;\u00a0\u00a0\u00a0 100%<\/strong> der stornierten Positionen*<\/p>\n<p><strong>bis zum 04. Okt 2024\u00a0\u00a0\u00a0 -&gt;\u00a0\u00a0\u00a0 \u00a0 50%<\/strong> der stornierten Positionen*<\/p>\n<p><strong>bis zum 01. Nov 2024\u00a0\u00a0 -&gt;\u00a0\u00a0\u00a0 \u00a0 25%<\/strong> der stornierten \u00a0Positionen*<\/p>\n<p>* abz\u00fcglich 55 EUR Bearbeitungsgeb\u00fchr pro Gutschrift<\/p>\n<p><strong>Ab den 02. Nov 2024<\/strong> sind f\u00fcr stornierte Positionen leider <strong>keine Erstattungen<\/strong> mehr m\u00f6glich.<\/p>\n<ul>\n<li>Gern begr\u00fc\u00dfen wir <u>eine<\/u> Ersatzperson anstelle der Stornierung einer Teilnahme.<br \/>\n(Bitte melden Sie uns den Namen der Ersatzperson so bald wie m\u00f6glich.)<\/li>\n<li>Ein \u00dcbertrag der Teilnahme auf eine Folgeveranstaltung ist <u>nicht<\/u> m\u00f6glich.<\/li>\n<\/ul>\n<p>Programm\u00e4nderungen aus dringendem Anlass (besonders Wind und Wetter) beh\u00e4lt sich der Veranstalter vor. Datenschutz: Spreewind nimmt den Schutz Ihrer pers\u00f6nlichen Daten sehr ernst. Wir behandeln Ihre pers\u00f6nlichen Daten vertraulich und entsprechend der gesetzlichen Datenschutzvorschriften.<\/p>\n","protected":false},"excerpt":{"rendered":"<p>Anmeldungen sind nicht mehr m\u00f6glich *zzgl. MwSt R\u00fccktrittskonditionen f\u00fcr die Windenergietage 2024: Bei allen Stornierungen der bereits in Rechnung gestellten Positionen, berechnen wir eine Bearbeitungsgeb\u00fchr von 55 EUR pro Gutschrift&#8230;.<\/p>\n","protected":false},"author":1,"featured_media":0,"parent":0,"menu_order":15,"comment_status":"closed","ping_status":"closed","template":"","meta":{"_acf_changed":false,"footnotes":""},"class_list":["post-544","page","type-page","status-publish","hentry"],"acf":[],"_links":{"self":[{"href":"https:\/\/windenergietage.de\/2024\/wp-json\/wp\/v2\/pages\/544","targetHints":{"allow":["GET"]}}],"collection":[{"href":"https:\/\/windenergietage.de\/2024\/wp-json\/wp\/v2\/pages"}],"about":[{"href":"https:\/\/windenergietage.de\/2024\/wp-json\/wp\/v2\/types\/page"}],"author":[{"embeddable":true,"href":"https:\/\/windenergietage.de\/2024\/wp-json\/wp\/v2\/users\/1"}],"replies":[{"embeddable":true,"href":"https:\/\/windenergietage.de\/2024\/wp-json\/wp\/v2\/comments?post=544"}],"version-history":[{"count":9,"href":"https:\/\/windenergietage.de\/2024\/wp-json\/wp\/v2\/pages\/544\/revisions"}],"predecessor-version":[{"id":5791,"href":"https:\/\/windenergietage.de\/2024\/wp-json\/wp\/v2\/pages\/544\/revisions\/5791"}],"wp:attachment":[{"href":"https:\/\/windenergietage.de\/2024\/wp-json\/wp\/v2\/media?parent=544"}],"curies":[{"name":"wp","href":"https:\/\/api.w.org\/{rel}","templated":true}]}}