{"id":1180,"date":"2017-09-08T11:55:42","date_gmt":"2017-09-08T09:55:42","guid":{"rendered":"https:\/\/windenergietage.de\/?page_id=1180"},"modified":"2025-11-12T13:14:10","modified_gmt":"2025-11-12T12:14:10","slug":"standplan","status":"publish","type":"page","link":"https:\/\/windenergietage.de\/2025\/standplan\/","title":{"rendered":"Standplan \/ Aussteller"},"content":{"rendered":"<p><a href=\"https:\/\/windenergietage.de\/2025\/wp-content\/uploads\/sites\/10\/2025\/11\/251112-Standplan-Potsdam-2025_Kati.pdf\" target=\"_blank\" rel=\"noopener\"><strong>Den Standplan 2025 f\u00fcr das Kongresshotel Potsdam finden Sie hier.<\/strong><\/a><\/p>\n<p><span style=\"color: #ff0000\">F\u00fcr die Windenergietage 2025 in Potsdam sind alle St\u00e4nde ausgebucht!<\/span><\/p>\n<p>(Stand 12.11.2025)<br \/>\nf\u00fcr volle Ansicht bitte klicken!<\/p>\n<p><a href=\"https:\/\/windenergietage.de\/2025\/wp-content\/uploads\/sites\/10\/2025\/11\/251112-Standplan-Potsdam-2025_Kati.pdf\" target=\"_blank\" rel=\"noopener\"><img loading=\"lazy\" decoding=\"async\" class=\"alignnone wp-image-7773\" src=\"https:\/\/windenergietage.de\/2025\/wp-content\/uploads\/sites\/10\/2025\/11\/251112-Standplan-Potsdam-2025_Kati.png\" alt=\"\" width=\"640\" height=\"1218\" \/><\/a><\/p>\n<p><span style=\"color: #003366\"><strong>Oder zur besseren \u00dcbersicht als Hybrid-Luftbild:<\/strong><\/span><\/p>\n<p>Erdgeschoss<br \/>\n<a href=\"https:\/\/windenergietage.de\/2025\/wp-content\/uploads\/sites\/10\/2025\/09\/250923-Luftbild-EG.png\" target=\"_blank\" rel=\"noopener\"><img loading=\"lazy\" decoding=\"async\" class=\"alignnone wp-image-6722 size-large\" src=\"https:\/\/windenergietage.de\/2025\/wp-content\/uploads\/sites\/10\/2025\/09\/250923-Luftbild-EG-1024x537.png\" alt=\"\" width=\"640\" height=\"336\" srcset=\"https:\/\/windenergietage.de\/2025\/wp-content\/uploads\/sites\/10\/2025\/09\/250923-Luftbild-EG-1024x537.png 1024w, https:\/\/windenergietage.de\/2025\/wp-content\/uploads\/sites\/10\/2025\/09\/250923-Luftbild-EG-300x157.png 300w, https:\/\/windenergietage.de\/2025\/wp-content\/uploads\/sites\/10\/2025\/09\/250923-Luftbild-EG-768x403.png 768w, https:\/\/windenergietage.de\/2025\/wp-content\/uploads\/sites\/10\/2025\/09\/250923-Luftbild-EG-1536x805.png 1536w, https:\/\/windenergietage.de\/2025\/wp-content\/uploads\/sites\/10\/2025\/09\/250923-Luftbild-EG-2048x1074.png 2048w\" sizes=\"auto, (max-width: 640px) 100vw, 640px\" \/><\/a><\/p>\n<p>Untergeschoss<br \/>\n<a href=\"https:\/\/windenergietage.de\/2025\/wp-content\/uploads\/sites\/10\/2025\/09\/250923-Luftbild-UG.png\" target=\"_blank\" rel=\"noopener\"><img loading=\"lazy\" decoding=\"async\" class=\"alignnone wp-image-6723 size-large\" src=\"https:\/\/windenergietage.de\/2025\/wp-content\/uploads\/sites\/10\/2025\/09\/250923-Luftbild-UG-1024x499.png\" alt=\"\" width=\"640\" height=\"312\" srcset=\"https:\/\/windenergietage.de\/2025\/wp-content\/uploads\/sites\/10\/2025\/09\/250923-Luftbild-UG-1024x499.png 1024w, https:\/\/windenergietage.de\/2025\/wp-content\/uploads\/sites\/10\/2025\/09\/250923-Luftbild-UG-300x146.png 300w, https:\/\/windenergietage.de\/2025\/wp-content\/uploads\/sites\/10\/2025\/09\/250923-Luftbild-UG-768x374.png 768w, https:\/\/windenergietage.de\/2025\/wp-content\/uploads\/sites\/10\/2025\/09\/250923-Luftbild-UG-1536x749.png 1536w, https:\/\/windenergietage.de\/2025\/wp-content\/uploads\/sites\/10\/2025\/09\/250923-Luftbild-UG-2048x998.png 2048w\" sizes=\"auto, (max-width: 640px) 100vw, 640px\" \/><\/a><\/p>\n<h6>\u00a9 GeoBasis-DE\/LGB, dl-de\/by-2-0; \u00a9 Geoportal Berlin, dl-de\/by-2-0 (Daten ge\u00e4ndert)<\/h6>\n<p><strong>AUSSTELLERINFORM<\/strong><strong>ATIONEN<\/strong><\/p>\n<p><strong>Speditionslieferungen und Pakete<\/strong> bitte ab dem 03.11.2025 an:<\/p>\n<p>Kongresshotel Potsdam<br \/>\n33. Windenergietage \/ Markus Friederichs \/ IHR Firmenname<br \/>\nAm Luftschiffhafen 1<br \/>\n14471 Potsdam<br \/>\nHandy Markus Friederichs: 0151 50654444<\/p>\n<p><strong>Aufbau:<\/strong><br \/>\nDienstag, 11.11.2025 ab 18 Uhr bis 0 Uhr<br \/>\nMittwoch, 12.11.2025 ab 8 Uhr bis sp\u00e4testens 15 Uhr<\/p>\n<p><strong>Abbau:<br \/>\n<\/strong>Freitag, 14.11.2025 ab 13 Uhr.<br \/>\nHaben Sie eine R\u00fccksendung per Spedition oder Versanddienstleister?<br \/>\nDann f\u00fcllen Sie bitte dieses Formular aus:\u00a0<a href=\"https:\/\/windenergietage.de\/2024\/wp-content\/uploads\/sites\/9\/2024\/08\/Ruecksendungen-Formular.pdf\" target=\"_blank\" rel=\"noopener\"><strong>R\u00fccksendeinfo<\/strong><\/a><\/p>\n<p><strong>Ausstattung:<span class=\"Apple-converted-space\"><br \/>\n<\/span><\/strong><\/p>\n<p>gro\u00dfer &amp; kleiner Stand:<br \/>\nStehtisch mit Husse, Barhocker sowie Strom sind bei jedem Stand enthalten.<br \/>\nWir bitten darum keine K\u00fchlschr\u00e4nke am Stand einzuplanen.<br \/>\nWenn sie Getr\u00e4nke haben, die gek\u00fchlt werden sollen, wenden Sie sich gerne per Mail an uns, wir organisieren dann alles f\u00fcr Sie und bringen Ihnen Ihre Getr\u00e4nke zu 17 Uhr an Ihren Stand: <strong><a href=\"mailto:markus.friederichs@spreewind.de\">markus.friederichs@spreewind.de<\/a><\/strong><\/p>\n<p>Weitere M\u00f6bel bekommen Sie \u00fcber die Firma:<br \/>\nFurn4Rent<br \/>\nSteffi Raubach<br \/>\n<strong><a href=\"https:\/\/furn4rent.com\/\" target=\"_blank\" rel=\"noopener\">https:\/\/furn4rent.com\/<\/a><\/strong><br \/>\nTelefon 0331 288 383 41<br \/>\n<strong><a href=\"mailto:info@furn4rent.com\" target=\"_blank\" rel=\"noopener\">info@furn4rent.com<\/a><\/strong><\/p>\n<p>Zus\u00e4tzliche Technik wie Fernseher und \u00e4hnliches erhalten Sie \u00fcber Herrn Wilhelm von der Firma Happy Day,<br \/>\nTelefon 0331-74000466 oder 0178-6927631 oder per Mail unter <strong><a href=\"mailto:alexander@happy-day.events\" target=\"_blank\" rel=\"noopener\">alexander@happy-day.events<\/a><\/strong>.<\/p>\n<p>weitere Informationen und eine \u00dcbersicht zum Ausdrucken finden Sie <a href=\"https:\/\/windenergietage.de\/2025\/wp-content\/uploads\/sites\/10\/2025\/06\/Austellerinfo-Potsdam-2025.pdf\" target=\"_blank\" rel=\"noopener\"><strong>hier<\/strong><\/a>.<\/p>\n","protected":false},"excerpt":{"rendered":"<p>Den Standplan 2025 f\u00fcr das Kongresshotel Potsdam finden Sie hier. F\u00fcr die Windenergietage 2025 in Potsdam sind alle St\u00e4nde ausgebucht! (Stand 12.11.2025) f\u00fcr volle Ansicht bitte klicken! Oder zur besseren&#8230;<\/p>\n","protected":false},"author":1,"featured_media":0,"parent":0,"menu_order":20,"comment_status":"closed","ping_status":"closed","template":"","meta":{"_acf_changed":false,"footnotes":""},"class_list":["post-1180","page","type-page","status-publish","hentry"],"acf":[],"_links":{"self":[{"href":"https:\/\/windenergietage.de\/2025\/wp-json\/wp\/v2\/pages\/1180","targetHints":{"allow":["GET"]}}],"collection":[{"href":"https:\/\/windenergietage.de\/2025\/wp-json\/wp\/v2\/pages"}],"about":[{"href":"https:\/\/windenergietage.de\/2025\/wp-json\/wp\/v2\/types\/page"}],"author":[{"embeddable":true,"href":"https:\/\/windenergietage.de\/2025\/wp-json\/wp\/v2\/users\/1"}],"replies":[{"embeddable":true,"href":"https:\/\/windenergietage.de\/2025\/wp-json\/wp\/v2\/comments?post=1180"}],"version-history":[{"count":142,"href":"https:\/\/windenergietage.de\/2025\/wp-json\/wp\/v2\/pages\/1180\/revisions"}],"predecessor-version":[{"id":7774,"href":"https:\/\/windenergietage.de\/2025\/wp-json\/wp\/v2\/pages\/1180\/revisions\/7774"}],"wp:attachment":[{"href":"https:\/\/windenergietage.de\/2025\/wp-json\/wp\/v2\/media?parent=1180"}],"curies":[{"name":"wp","href":"https:\/\/api.w.org\/{rel}","templated":true}]}}