{"id":1180,"date":"2017-09-08T11:55:42","date_gmt":"2017-09-08T09:55:42","guid":{"rendered":"https:\/\/windenergietage.de\/?page_id=1180"},"modified":"2026-03-26T16:11:25","modified_gmt":"2026-03-26T15:11:25","slug":"standplan","status":"publish","type":"page","link":"https:\/\/windenergietage.de\/2026\/standplan\/","title":{"rendered":"Standplan \/ Aussteller"},"content":{"rendered":"<p><strong><a href=\"https:\/\/windenergietage.de\/2026\/wp-content\/uploads\/sites\/11\/2026\/03\/260318-Standplan-Linstow-2026.pdf\" target=\"_blank\" rel=\"noopener\">DEN STANDPLAN 2026 F\u00dcR DAS VAN DER VALK RESORT LINSTOW FINDEN SIE HIER:<\/a><\/strong><\/p>\n<p>Stand 26.03.2026<\/p>\n<p>f\u00fcr volle Ansicht bitte klicken!<\/p>\n<p><a href=\"https:\/\/windenergietage.de\/2026\/wp-content\/uploads\/sites\/11\/2026\/03\/260326-Standplan-Linstow-2026.pdf\" target=\"_blank\" rel=\"noopener\"><img loading=\"lazy\" decoding=\"async\" class=\"alignnone wp-image-6203 size-large\" src=\"https:\/\/windenergietage.de\/2026\/wp-content\/uploads\/sites\/11\/2026\/03\/260326-Standplan-Linstow-2026-652x1024.png\" alt=\"\" width=\"640\" height=\"1005\" srcset=\"https:\/\/windenergietage.de\/2026\/wp-content\/uploads\/sites\/11\/2026\/03\/260326-Standplan-Linstow-2026-652x1024.png 652w, https:\/\/windenergietage.de\/2026\/wp-content\/uploads\/sites\/11\/2026\/03\/260326-Standplan-Linstow-2026-191x300.png 191w, https:\/\/windenergietage.de\/2026\/wp-content\/uploads\/sites\/11\/2026\/03\/260326-Standplan-Linstow-2026-768x1207.png 768w, https:\/\/windenergietage.de\/2026\/wp-content\/uploads\/sites\/11\/2026\/03\/260326-Standplan-Linstow-2026-978x1536.png 978w, https:\/\/windenergietage.de\/2026\/wp-content\/uploads\/sites\/11\/2026\/03\/260326-Standplan-Linstow-2026-1303x2048.png 1303w\" sizes=\"auto, (max-width: 640px) 100vw, 640px\" \/><\/a><\/p>\n<h4><strong>Oder zur besseren \u00dcbersicht als Hybrid-Luftbild<\/strong><\/h4>\n<p><a href=\"https:\/\/windenergietage.de\/2026\/wp-content\/uploads\/sites\/11\/2026\/03\/260326-Luftbild-Linstow-2026.png\" target=\"_blank\" rel=\"noopener\"><img loading=\"lazy\" decoding=\"async\" class=\"alignnone wp-image-6204 size-large\" src=\"https:\/\/windenergietage.de\/2026\/wp-content\/uploads\/sites\/11\/2026\/03\/260326-Luftbild-Linstow-2026-1024x1006.png\" alt=\"\" width=\"640\" height=\"629\" srcset=\"https:\/\/windenergietage.de\/2026\/wp-content\/uploads\/sites\/11\/2026\/03\/260326-Luftbild-Linstow-2026-1024x1006.png 1024w, https:\/\/windenergietage.de\/2026\/wp-content\/uploads\/sites\/11\/2026\/03\/260326-Luftbild-Linstow-2026-300x295.png 300w, https:\/\/windenergietage.de\/2026\/wp-content\/uploads\/sites\/11\/2026\/03\/260326-Luftbild-Linstow-2026-768x755.png 768w, https:\/\/windenergietage.de\/2026\/wp-content\/uploads\/sites\/11\/2026\/03\/260326-Luftbild-Linstow-2026-1536x1509.png 1536w, https:\/\/windenergietage.de\/2026\/wp-content\/uploads\/sites\/11\/2026\/03\/260326-Luftbild-Linstow-2026-2048x2012.png 2048w\" sizes=\"auto, (max-width: 640px) 100vw, 640px\" \/><\/a><\/p>\n<p><strong>AUSSTELLERINFORM<\/strong><strong>ATIONEN<\/strong><\/p>\n<p><strong>Speditionslieferungen und Pakete<\/strong> bitte ab dem 02.11.2026 an:<\/p>\n<p>Van der Valk Resort Linstow<br \/>\n34. Windenergietage<br \/>\n<span style=\"color: #ff0000\">Ihre Firma<\/span><br \/>\nHerrn Markus Friederichs<br \/>\nKrakower Chaussee 1<br \/>\nD-18292 Linstow<br \/>\nHandy Markus Friederichs: +49 151 50654444<\/p>\n<p><b>Aufbauzeiten<br \/>\n<\/b><\/p>\n<p>Montag, 09.11.2026 ab 8 Uhr bis 0 Uhr<br \/>\nDienstag, 10.11.2026 ab 8 Uhr bis sp\u00e4testens 15 Uhr<\/p>\n<p>Bitte sorgen Sie f\u00fcr einen zeitigen Standaufbau, jedoch bis sp\u00e4testens 16 Uhr!<\/p>\n<p><strong>Abbau<\/strong> am 12.11.2026 ab 14:00 Uhr<br \/>\nHaben Sie eine R\u00fccksendung per Spedition oder Versanddienstleister?<br \/>\nDann f\u00fcllen Sie bitte dieses Formular aus: <a href=\"https:\/\/windenergietage.de\/2024\/wp-content\/uploads\/sites\/9\/2024\/08\/Ruecksendungen-Formular.pdf\" target=\"_blank\" rel=\"noopener\"><strong>R\u00fccksendeinfo<\/strong><\/a><\/p>\n<p>Vielen Dank!<\/p>\n<p><strong>Ausstattung:<span class=\"Apple-converted-space\">\u00a0<\/span><\/strong>Stehtisch mit Husse, Barhocker, Tische und St\u00fchle sowie Strom erhalten Sie vor Ort von Spreewind. Diese sind im Standpreis enthalten, eine Bestellung ist nicht notwendig.<\/p>\n<p><strong>gek\u00fchlte Getr\u00e4nke: <\/strong>Wenn Sie Getr\u00e4nke f\u00fcr den Hauptabend gek\u00fchlt ben\u00f6tigen, k\u00fcmmert sich gerne unser <strong>Durst-Express<\/strong> f\u00fcr Sie darum. Wir \u00fcbernehmen Ihre mitgebrachten Getr\u00e4nke, sorgen f\u00fcr eine K\u00fchlung und bringen Ihnen diese dann am Hauptabend rechtzeitig wieder an Ihren Stand.<\/p>\n","protected":false},"excerpt":{"rendered":"<p>DEN STANDPLAN 2026 F\u00dcR DAS VAN DER VALK RESORT LINSTOW FINDEN SIE HIER: Stand 26.03.2026 f\u00fcr volle Ansicht bitte klicken! Oder zur besseren \u00dcbersicht als Hybrid-Luftbild AUSSTELLERINFORMATIONEN Speditionslieferungen und Pakete&#8230;<\/p>\n","protected":false},"author":1,"featured_media":0,"parent":0,"menu_order":20,"comment_status":"closed","ping_status":"closed","template":"","meta":{"_acf_changed":false,"footnotes":""},"class_list":["post-1180","page","type-page","status-publish","hentry"],"acf":[],"_links":{"self":[{"href":"https:\/\/windenergietage.de\/2026\/wp-json\/wp\/v2\/pages\/1180","targetHints":{"allow":["GET"]}}],"collection":[{"href":"https:\/\/windenergietage.de\/2026\/wp-json\/wp\/v2\/pages"}],"about":[{"href":"https:\/\/windenergietage.de\/2026\/wp-json\/wp\/v2\/types\/page"}],"author":[{"embeddable":true,"href":"https:\/\/windenergietage.de\/2026\/wp-json\/wp\/v2\/users\/1"}],"replies":[{"embeddable":true,"href":"https:\/\/windenergietage.de\/2026\/wp-json\/wp\/v2\/comments?post=1180"}],"version-history":[{"count":51,"href":"https:\/\/windenergietage.de\/2026\/wp-json\/wp\/v2\/pages\/1180\/revisions"}],"predecessor-version":[{"id":6206,"href":"https:\/\/windenergietage.de\/2026\/wp-json\/wp\/v2\/pages\/1180\/revisions\/6206"}],"wp:attachment":[{"href":"https:\/\/windenergietage.de\/2026\/wp-json\/wp\/v2\/media?parent=1180"}],"curies":[{"name":"wp","href":"https:\/\/api.w.org\/{rel}","templated":true}]}}