{"id":1191,"date":"2017-09-11T12:42:10","date_gmt":"2017-09-11T10:42:10","guid":{"rendered":"https:\/\/windenergietage.de\/?page_id=1191"},"modified":"2026-02-24T13:46:15","modified_gmt":"2026-02-24T12:46:15","slug":"hotelliste","status":"publish","type":"page","link":"https:\/\/windenergietage.de\/2026\/hotelliste\/","title":{"rendered":"\u00dcbernachtung"},"content":{"rendered":"<p><strong>Tagungshotel<br \/>\n<\/strong><strong><a href=\"https:\/\/linstow.vandervalk.de\" target=\"_blank\" rel=\"noopener noreferrer\">Van der Valk Resort Linstow<\/a><\/strong><br \/>\nKrakower Chaussee 1<br \/>\n18292 Linstow<\/p>\n<p><strong><span style=\"color: #ff0000\">Das Tagungshotel ist mit 919 Zimmern ausgebucht.<\/span><\/strong><\/p>\n<p>F\u00fcr Wohnmobilisten gibt es Stellpl\u00e4tze am hinteren Haupteingang. Anmeldungen daf\u00fcr bitte an <a href=\"mailto:diana.friederichs@spreewind.de\" target=\"_blank\" rel=\"noopener\"><strong>diana.friederichs@spreewind.de<\/strong><\/a>. Im Preis von 55\u20ac\/Nacht ist ein Stromanschluss, Zugang zu den kostenfreien Duschen sowie Fr\u00fchst\u00fcck im Van der Valk Resort enthalten.<\/p>\n<p><div class=\"clear line\"><\/div><br \/>\nbei den folgenden \u00dcbernachtungsm\u00f6glichkeiten gilt:<br \/>\n<span style=\"color: #339966\">*<\/span> Transfer durch Spreewind (Fahrpl\u00e4ne und Haltestellen)<br \/>\n<span style=\"color: #ff0000\">x<\/span> kein Transfer<\/p>\n<div class=\"clear line\"><\/div>\n<p>Unsere 22 Minuten Hotels&#8230; 22 Minuten weil der Shuttlebus in 22 Minuten vom Marktplatz G\u00f6hren-Lebbin bis zum Van der Valk Resort f\u00e4hrt.<\/p>\n<div class=\"clear line\"><\/div>\n<p><span style=\"font-size: 1.125em\">200 Ferienh\u00e4user bzw. Ferienwohnungen k\u00f6nnen Sie unter<br \/>\nUrlaub in G\u00f6hren-Lebbin (<a href=\"http:\/\/goehren-lebbin.com\/\" target=\"_blank\" rel=\"noopener\"><strong>goehren-lebbin.com<\/strong><\/a>) buchen.<br \/>\n<\/span><span style=\"font-size: 1.125em\"><br \/>\nDer Transferbus vom Marktplatz G\u00f6hren-Lebbin kann kostenfrei mit genutzt werden.<br \/>\nDieser ist von den H\u00e4usern oft fu\u00dfl\u00e4ufig erreichbar.<\/span><\/p>\n<p><span style=\"font-size: 1.125em\">Fr\u00fchst\u00fcck erhalten Sie ohne Mehrkosten im Tagungshotel in Linstow.<\/span><\/p>\n<div class=\"clear line\"><\/div>\n<p><a href=\"https:\/\/www.schlosshotel-klink.de\/\" target=\"_blank\" rel=\"noopener\"><strong>Seehotel Schloss Klink<\/strong><\/a><br \/>\n<strong><span style=\"color: #ff0000\">x<\/span> kein Transfer<\/strong><br \/>\n(30 Minuten vom Tagungshotel entfernt)<br \/>\nSchlossstra\u00dfe 6<br \/>\n17192 Klink<br \/>\nTelefon 03991 747225<\/p>\n<p><span style=\"color: #ff0000\">nur noch 2 Doppelzimmer sowie 3 Suiten Orangerie und 10 Suiten Schloss verf\u00fcgbar!<\/span><\/p>\n<p><a href=\"https:\/\/windenergietage.de\/2026\/wp-content\/uploads\/sites\/11\/2025\/09\/Seehotel-Schloss-Klink-2026.pdf\" target=\"_blank\" rel=\"noopener\"><strong>Buchungsformular Seehotel Schloss Klink<\/strong><\/a><\/p>\n<div class=\"clear line\"><\/div>\n<p><a href=\"https:\/\/www.beechresort-plauer-see.com\/\" target=\"_blank\" rel=\"noopener\"><strong>BEECH Resort Plauer See<\/strong><\/a><br \/>\n<strong><span style=\"color: #ff0000\">x<\/span> kein Transfer<\/strong><br \/>\n(30 Minuten vom Tagungshotel entfernt)<br \/>\nDresenower M\u00fchle 9<br \/>\n19395 Ganzlin<\/p>\n<p><a href=\"https:\/\/onepagebooking.com\/beech-resort-plauersee\/allotments\/16798?allotmentcode=Windenergietage2026&amp;lang=de\" target=\"_blank\" rel=\"noopener\"><strong>Buchungslink BEECH Resort Plauer See<\/strong><\/a><\/p>\n<div class=\"clear line\"><\/div>\n<p><a href=\"https:\/\/maremueritz.com\/\" target=\"_blank\" rel=\"noopener\"><strong>Marem\u00fcritz Yachthafen Resort<\/strong><\/a><br \/>\n<strong><span style=\"color: #ff0000\">x<\/span> kein Transfer<\/strong><br \/>\nAm Seeufer 50<br \/>\n17192 Waren (M\u00fcritz)<\/p>\n<p><a href=\"https:\/\/onepagebooking.com\/maremueritz-yachthafen\/allotments\/16799?allotmentcode=Windenergietage2026&amp;lang=de\" target=\"_blank\" rel=\"noopener\"><strong>Buchungslink Marem\u00fcritz Yachthafen Resort<\/strong><\/a><\/p>\n<div class=\"clear line\"><\/div>\n<p><strong><a href=\"https:\/\/www.rosendomizil.de\/willkommen\" target=\"_blank\" rel=\"noopener\">Hotel Rosendomizil<\/a><br \/>\n<span style=\"color: #ff0000\">x<\/span> kein Transfer<\/strong><br \/>\n(20 Minuten vom Tagungshotel entfernt)<br \/>\nLange Stra\u00dfe 2-6<br \/>\n17213 Malchow<\/p>\n<p><a href=\"https:\/\/windenergietage.de\/2026\/wp-content\/uploads\/sites\/11\/2025\/09\/Hotel-Rosendomizil.pdf\" target=\"_blank\" rel=\"noopener\"><strong>Buchungsformular Hotel Rosendomizil<\/strong><\/a><\/p>\n<div class=\"clear line\"><\/div>\n<p><a href=\"https:\/\/www.strandhaus-guestrow.de\/\" target=\"_blank\" rel=\"noopener\"><strong>Strandhaus am Inselsee \/ Kurhaus am Inselsee<\/strong><\/a><br \/>\n<strong><span style=\"color: #ff0000\">x<\/span> kein Transfer<\/strong><br \/>\n(25 Minuten vom Tagungshotel entfernt)<br \/>\nHeideberg 5<br \/>\n18273 G\u00fcstrow<\/p>\n<p><a href=\"https:\/\/windenergietage.de\/2026\/wp-content\/uploads\/sites\/11\/2025\/09\/Hotels-am-Inselsee.pdf\" target=\"_blank\" rel=\"noopener\"><strong>Buchungsformular Strandhaus am Inselsee \/ Kurhaus am Inselsee<\/strong><\/a><\/p>\n<div class=\"clear line\"><\/div>\n<p><a href=\"https:\/\/www.ringhotel-altstadt-guestrow.de\/\" target=\"_blank\" rel=\"noopener\"><strong>Ringhotel Altstadt<\/strong><\/a><br \/>\n<strong><span style=\"color: #ff0000\">x<\/span> kein Transfer<\/strong><br \/>\n(30 Minuten vom Tagungshotel entfernt)<br \/>\nBaustr. 8-10<br \/>\n18273 G\u00fcstrow<\/p>\n<p><a href=\"https:\/\/windenergietage.de\/2026\/wp-content\/uploads\/sites\/11\/2025\/09\/Ringhotel-Altstadt.pdf\" target=\"_blank\" rel=\"noopener\"><strong>Buchungsformular Ringhotel Altstadt<\/strong><\/a><\/p>\n<p><span style=\"font-size: 1.125em\"><div class=\"clear line\"><\/div><\/span><\/p>\n<p><a href=\"https:\/\/www.familienhotel-am-tierpark-guestrow.de\/\" target=\"_blank\" rel=\"noopener\"><strong>Hotel am Tierpark<\/strong><\/a><br \/>\n<strong><span style=\"color: #ff0000\">x<\/span> kein Transfer<\/strong><br \/>\n(30 Minuten vom Tagungshotel entfernt)<br \/>\nVerbindungschaussee 7<br \/>\n18273 Gu\u0308strow<\/p>\n<p><a href=\"https:\/\/windenergietage.de\/2026\/wp-content\/uploads\/sites\/11\/2025\/09\/Hotel-am-Tierpark.pdf\" target=\"_blank\" rel=\"noopener\"><strong>Buchungsformular Hotel am Tierpark<\/strong><\/a><\/p>\n<div class=\"clear line\"><\/div>\n<p><a href=\"https:\/\/www.hotel-am-schlosspark-guestrow.de\/\" target=\"_blank\" rel=\"noopener\"><strong>Hotel am Schlosspark G\u00fcstrow<\/strong><\/a><br \/>\n<strong><span style=\"color: #ff0000\">x<\/span> kein Transfer<\/strong><br \/>\n(25 Minuten vom Tagungshotel entfernt)<br \/>\nNeuwieder Weg<br \/>\n18273 G\u00fcstrow<\/p>\n<p><a href=\"https:\/\/windenergietage.de\/2026\/wp-content\/uploads\/sites\/11\/2025\/09\/Hotel-am-Schlosspark.pdf\" target=\"_blank\" rel=\"noopener\"><strong>Buchungsformular Hotel am Schlosspark<\/strong><\/a><\/p>\n<div class=\"clear line\"><\/div>\n<p><a href=\"https:\/\/www.klueschenberg.de\/\" target=\"_blank\" rel=\"noopener\"><strong>Parkhotel Kl\u00fcschenberg<\/strong><\/a><br \/>\n<strong><span style=\"color: #ff0000\">x<\/span> kein Transfer<\/strong><br \/>\n(30 Minuten vom Tagungshotel entfernt)<br \/>\nKl\u00fcschenberg 14<br \/>\n19395 Plau am See<\/p>\n<p><a href=\"https:\/\/windenergietage.de\/2026\/wp-content\/uploads\/sites\/11\/2025\/09\/Hotel-Klueschenberg.pdf\" target=\"_blank\" rel=\"noopener\"><strong>Buchugsformular Parkhotel Kl\u00fcschenberg<\/strong><\/a><\/p>\n<div class=\"clear line\"><\/div>\n<p><a href=\"https:\/\/www.falk-seehotels.de\/hotel-plau-am-see\/\" target=\"_blank\" rel=\"noopener\"><strong>Falk Seehotel Plau am See<\/strong><\/a><br \/>\n<strong><span style=\"color: #ff0000\">x<\/span> kein Transfer<\/strong><br \/>\n(30 Minuten vom Tagungshotel entfernt)<br \/>\nHermann-Niemann-Stra\u00dfe 6<br \/>\n19395 Plau am See<\/p>\n<p><a href=\"https:\/\/windenergietage.de\/2026\/wp-content\/uploads\/sites\/11\/2025\/09\/Seehotel-Plau-am-See.pdf\" target=\"_blank\" rel=\"noopener\"><strong>Buchungsformular Falk Seehotel<\/strong><\/a><\/p>\n<div class=\"clear line\"><\/div>\n<p><a href=\"https:\/\/farmerhotel.de\/\" target=\"_blank\" rel=\"noopener\"><strong>Farmer Hotel<\/strong><\/a><br \/>\n<strong><span style=\"color: #ff0000\">x<\/span> kein Transfer<br \/>\n<\/strong>(25 Minuten vom Tagungshotel entfernt)<br \/>\nBrauereiweg 1<br \/>\n17139 Basedow (Mecklenburg)<\/p>\n<p><a href=\"https:\/\/windenergietage.de\/2026\/wp-content\/uploads\/sites\/11\/2025\/09\/Farmer-Hotel.pdf\" target=\"_blank\" rel=\"noopener\"><strong>Buchungsformular Farmer Hotel Basedow<\/strong><\/a><\/p>\n<div class=\"clear line\"><\/div>\n<p><a href=\"https:\/\/www.schloss-schorssow.de\/\" target=\"_blank\" rel=\"noopener\"><strong>Seeschloss Schorssow<\/strong><\/a><br \/>\n<strong><span style=\"color: #ff0000\">x<\/span> kein Transfer<\/strong><br \/>\n(20 Minuten vom Tagungshotel entfernt)<br \/>\nAm Haussee 3<br \/>\n17166 Schorssow<br \/>\nTelefon 039933 790<\/p>\n<p><a href=\"https:\/\/windenergietage.de\/2026\/wp-content\/uploads\/sites\/11\/2025\/09\/Seeschloss-Schorssow.pdf\" target=\"_blank\" rel=\"noopener\"><strong>Buchungsformular Seeschloss Schorssow<\/strong><\/a><\/p>\n<div class=\"clear line\"><\/div>\n<p><a href=\"https:\/\/www.sporthotel-malchow.de\/\" target=\"_blank\" rel=\"noopener\"><strong>Sporthotel Swiderski<\/strong><\/a><br \/>\n<strong><span style=\"color: #ff0000\">x<\/span> kein Transfer<\/strong><br \/>\n(20 Minuten vom Tagungshotel entfernt)<br \/>\nSchulstra\u00dfe 6<br \/>\n17213 Malchow<\/p>\n<p><a href=\"https:\/\/windenergietage.de\/2026\/wp-content\/uploads\/sites\/11\/2025\/09\/Sporthotel-Malchow.pdf\" target=\"_blank\" rel=\"noopener\"><strong>Buchungsformular Sporthotel Swiderski<\/strong><\/a><\/p>\n<div class=\"clear line\"><\/div>\n<p><strong><a href=\"https:\/\/www.mueritzpalais.de\/\" target=\"_blank\" rel=\"noopener\">Aparthotel M\u00fcritzpalais<\/a><\/strong><br \/>\n<strong><span style=\"color: #ff0000\">x<\/span> kein Transfer<br \/>\n<\/strong>Kietzstra\u00dfe 1<br \/>\n17192 Waren (M\u00fcritz)<strong><br \/>\n<\/strong><\/p>\n<p><a href=\"https:\/\/windenergietage.de\/2026\/wp-content\/uploads\/sites\/11\/2025\/09\/Mueritzpalais.pdf\" target=\"_blank\" rel=\"noopener\"><strong>Buchungsformular M\u00fcritzpalais<\/strong><\/a><\/p>\n<div class=\"clear line\"><\/div>\n<p><a href=\"https:\/\/www.hostel-guestrow.de\/\" target=\"_blank\" rel=\"noopener\"><strong>Hostel &amp; Pension Sweet-Dream<\/strong><\/a><br \/>\n<strong><span style=\"color: #ff0000\">x<\/span> kein Transfer<\/strong><br \/>\nMarkt 2-3<br \/>\n18273 G\u00fcstrow<\/p>\n<p><a href=\"https:\/\/windenergietage.de\/2026\/wp-content\/uploads\/sites\/11\/2025\/09\/Sweet-Dream.pdf\" target=\"_blank\" rel=\"noopener\"><strong>Buchungsformular Sweet Dream<\/strong><\/a><\/p>\n<div class=\"clear line\"><\/div>\n<p><a href=\"https:\/\/www.ulrichshusen.de\/\" target=\"_blank\" rel=\"noopener\"><strong>Schloss Ulrichshusen<\/strong><\/a><br \/>\n<strong><span style=\"color: #ff0000\">x<\/span> kein Transfer<\/strong><br \/>\n(20 Minuten vom Tagungshotel entfernt)<br \/>\nSeestra\u00dfe 14<br \/>\n17194 Ulrichshusen<\/p>\n<p><a href=\"https:\/\/windenergietage.de\/2026\/wp-content\/uploads\/sites\/11\/2025\/09\/Schloss-Ulrichshusen.pdf\" target=\"_blank\" rel=\"noopener\"><strong>Buchungsformular Schloss Ulrichshusen<\/strong><\/a><\/p>\n<div class=\"clear line\"><\/div>\n<p>In Krakow am See (nur 10 Minuten Fahrzeit entfernt!) finden Sie viele Ferienh\u00e4user, Pensionen, Hotels und Ferienwohnungen (<strong><a href=\"https:\/\/www.krakow-am-see.de\/de\/unterkunft\/\" target=\"_blank\" rel=\"noopener\">krakow-am-see.de<\/a><\/strong>)<br \/>\n<strong><span style=\"color: #ff0000\">x<\/span> kein Transfer<\/strong><\/p>\n<p><span style=\"font-size: 1.125em\">Fr\u00fchst\u00fcck erhalten Sie ohne Mehrkosten im Tagungshotel in Linstow.<\/span><\/p>\n<div class=\"clear line\"><\/div>\n<p><a href=\"https:\/\/www.sea-you-in-klink.de\/\" target=\"_blank\" rel=\"noopener\"><strong>Hotel Sea you<\/strong><\/a><br \/>\n<strong><span style=\"color: #ff0000\">x<\/span> kein Transfer<\/strong><\/p>\n<div class=\"clear line\"><\/div>\n<p><a href=\"http:\/\/www.alter-speicher-klink.de\/index.php\" target=\"_blank\" rel=\"noopener\"><strong>Appartementhaus Alter Speicher<\/strong><\/a><br \/>\n<strong><span style=\"color: #ff0000\">x<\/span> kein Transfer<\/strong><\/p>\n<div class=\"clear line\"><\/div>\n<p>weiter Unterk\u00fcnfte in Klink unter <strong><a href=\"https:\/\/www.klink.m-vp.de\/unterkuenfte\/\" target=\"_blank\" rel=\"noopener\">https:\/\/www.klink.m-vp.de\/unterkuenfte\/<\/a><br \/>\n<span style=\"color: #ff0000\">x<\/span> kein Transfer<br \/>\n<\/strong><\/p>\n<div class=\"clear line\"><\/div>\n<p><strong><a href=\"https:\/\/www.hotel-sonne-waren.de\/\" target=\"_blank\" rel=\"noopener\">Hotel Zur Sonne<\/a><br \/>\n<span style=\"color: #ff0000\">x<\/span> kein Transfer<br \/>\n<\/strong>Mozartstra\u00dfe 17<br \/>\n17192 Waren (M\u00fcritz)<strong><br \/>\n<\/strong><\/p>\n<div class=\"clear line\"><\/div>\n<p><a href=\"http:\/\/hotel-am-bahnhof-waren.de\/\" target=\"_blank\" rel=\"noopener\"><strong>Hotel Am Bahnhof<\/strong><\/a><br \/>\n<strong><span style=\"color: #ff0000\">x<\/span> kein Transfer<br \/>\n<\/strong>Bahnhofstra\u00dfe 19<br \/>\n17192 Waren (M\u00fcritz)<\/p>\n<div class=\"clear line\"><\/div>\n<p><a href=\"https:\/\/hotelzwischendenseen.de\/\" target=\"_blank\" rel=\"noopener\"><strong>Hotel zwischen den Seen<\/strong><\/a><br \/>\n<strong><span style=\"color: #ff0000\">x<\/span> kein Transfer<br \/>\n<\/strong>Am M\u00fchlenberg 4<br \/>\n17192 Waren (M\u00fcritz)<\/p>\n<div class=\"clear line\"><\/div>\n<p><strong><a href=\"https:\/\/hotel-am-tiefwarensee.de\/\" target=\"_blank\" rel=\"noopener\">Hotel Am Tiefwarensee<\/a><\/strong><br \/>\n<strong><span style=\"color: #ff0000\">x<\/span> kein Transfer<br \/>\n<\/strong>Richard-Wossidlo-Stra\u00dfe 7<br \/>\n17192 Waren (M\u00fcritz)<\/p>\n<div class=\"clear line\"><\/div>\n<p><a href=\"https:\/\/www.am-brauhaus.de\/\" target=\"_blank\" rel=\"noopener\"><strong>Hotel Am Brauhaus<\/strong><\/a><br \/>\n<strong><span style=\"color: #ff0000\">x<\/span> kein Transfer<br \/>\n<\/strong>Am Tiefwarensee 1<br \/>\n17192 Waren (M\u00fcritz)<\/p>\n<p><span style=\"font-size: 1.125em\"><div class=\"clear line\"><\/div><\/span><\/p>\n<p>In der Inselstadt Malchow (15 Minuten Fahrzeit entfernt) gibt es ebenfalls noch Ferienh\u00e4user, Pensionen und Hotels (<a href=\"https:\/\/buchen.visit-malchow.de\/?adults=2&amp;children=0&amp;page=1&amp;view=list&amp;additional_occupancy_data=[{%22adults%22:%222%22,%22children_ages%22:[],%22children%22:[]}]&amp;occupationList=2&amp;oCategory[]=1&amp;oCategory[]=8&amp;oCategory[]=2&amp;oCategory[]=5&amp;occupation=2#ibe-list\"><strong>inselstadt-malchow<\/strong><\/a>).<\/p>\n<p><span style=\"font-size: 1.125em\">Fr\u00fchst\u00fcck erhalten Sie ohne Mehrkosten im Tagungshotel in Linstow.<\/span><\/p>\n<p><span style=\"font-size: 1.125em\"><div class=\"clear line\"><\/div><\/span><\/p>\n<p><a href=\"https:\/\/www.daskulturhaus.de\/index.htm\" target=\"_blank\" rel=\"noopener\"><strong>Das Haus am Teich<\/strong><\/a><br \/>\n<strong><span style=\"color: #ff0000\">x<\/span> kein Transfer<br \/>\n<\/strong>Dorfstra\u00dfe 22<br \/>\nOT Gro\u00df Grabow<br \/>\n18292 Krakow am See<\/p>\n<div class=\"clear line\"><\/div>\n<p><a href=\"https:\/\/www.burg-schlitz.de\/\" target=\"_blank\" rel=\"noopener\"><strong>Schlosshotel Burg Schlitz<\/strong><\/a><br \/>\n<strong><span style=\"color: #ff0000\">x<\/span> kein Transfer<\/strong><br \/>\n(20 Minuten vom Tagungshotel entfernt)<br \/>\nBurg Schlitz 2<br \/>\n17166 Hohen Demzin<\/p>\n<div class=\"clear line\"><\/div>\n<p><strong><a href=\"https:\/\/beechresort-fleesensee.com\/\" target=\"_blank\" rel=\"noopener\">BEECH Resort Fleesensee<\/a><\/strong><br \/>\n<strong><span style=\"color: #339966\">*<\/span> Transfer durch Spreewind<\/strong><br \/>\n(22 Minuten vom Tagungshotel entfernt)<br \/>\nAm Kalkberg 1<br \/>\n17213 G\u00f6hren-Lebbin<br \/>\nTelefon 039932 80 30 0<\/p>\n<p><strong><span style=\"color: #ff0000\">ausgebucht<\/span><\/strong><\/p>\n<div class=\"clear line\"><\/div>\n<p><strong><a href=\"https:\/\/schlosshotel-fleesensee.com\/\" target=\"_blank\" rel=\"noopener\">SCHLOSS Hotel Fleesensee<\/a><br \/>\n<\/strong><strong><span style=\"color: #339966\">*<\/span> Transfer durch Spreewind<\/strong><br \/>\n(22 Minuten vom Tagungshotel entfernt)<br \/>\n17213 G\u00f6hren-Lebbin<br \/>\nTelefon 039932 80100<\/p>\n<p><strong><span style=\"color: #ff0000\">ausgebucht<\/span><\/strong><\/p>\n<div class=\"clear line\"><\/div>\n<p><a href=\"https:\/\/www.robinson.com\/de\/de\/cluburlaub\/deutschland\/fleesensee\/club-details\/\" target=\"_blank\" rel=\"noopener\"><strong>ROBINSON Fleesensee<\/strong><\/a><br \/>\n<strong><span style=\"color: #339966\">*<\/span> Transfer durch Spreewind<br \/>\n<\/strong>(22 Minuten vom Tagungshotel entfernt)<br \/>\nPenkower Stra\u00dfe 2<br \/>\n17213 G\u00f6hren-Lebbin<\/p>\n<p><strong><span style=\"color: #ff0000\">ausgebucht<\/span><\/strong><\/p>\n<div class=\"clear line\"><\/div>\n<p><a href=\"https:\/\/www.seehotel-fleesensee.de\/\" target=\"_blank\" rel=\"noopener\"><strong>Seehotel Fleesensee<\/strong><\/a> (ehemals TUI Blue Fleesensee)<br \/>\n<strong><span style=\"color: #339966\">*<\/span> Transfer durch Spreewind<\/strong><br \/>\n(30 Minuten vom Tagungshotelentfernt)<br \/>\nSeeblick 30<br \/>\n17213 G\u00f6hren-Lebbin<\/p>\n<p><strong><span style=\"color: #ff0000\">ausgebucht<\/span><\/strong><\/p>\n<div class=\"clear line\"><\/div>\n<p><a href=\"https:\/\/www.schloss-vietgest.de\/\" target=\"_blank\" rel=\"noopener\"><strong>Schlo\u00df Vietgest<\/strong><\/a><br \/>\n<strong><span style=\"color: #ff0000\">x<\/span> kein Transfer<\/strong><br \/>\n(15 Minuten vom Tagungshotel entfernt)<br \/>\nSchlo\u00dfstra\u00dfe 4<br \/>\n18279 Lalendorf OT Vietgest<\/p>\n<p><strong><span style=\"color: #ff0000\">ausgebucht<\/span><\/strong><\/p>\n","protected":false},"excerpt":{"rendered":"<p>Tagungshotel Van der Valk Resort Linstow Krakower Chaussee 1 18292 Linstow Das Tagungshotel ist mit 919 Zimmern ausgebucht. F\u00fcr Wohnmobilisten gibt es Stellpl\u00e4tze am hinteren Haupteingang. Anmeldungen daf\u00fcr bitte an&#8230;<\/p>\n","protected":false},"author":1,"featured_media":0,"parent":0,"menu_order":30,"comment_status":"closed","ping_status":"closed","template":"","meta":{"_acf_changed":false,"footnotes":""},"class_list":["post-1191","page","type-page","status-publish","hentry"],"acf":[],"_links":{"self":[{"href":"https:\/\/windenergietage.de\/2026\/wp-json\/wp\/v2\/pages\/1191","targetHints":{"allow":["GET"]}}],"collection":[{"href":"https:\/\/windenergietage.de\/2026\/wp-json\/wp\/v2\/pages"}],"about":[{"href":"https:\/\/windenergietage.de\/2026\/wp-json\/wp\/v2\/types\/page"}],"author":[{"embeddable":true,"href":"https:\/\/windenergietage.de\/2026\/wp-json\/wp\/v2\/users\/1"}],"replies":[{"embeddable":true,"href":"https:\/\/windenergietage.de\/2026\/wp-json\/wp\/v2\/comments?post=1191"}],"version-history":[{"count":41,"href":"https:\/\/windenergietage.de\/2026\/wp-json\/wp\/v2\/pages\/1191\/revisions"}],"predecessor-version":[{"id":6165,"href":"https:\/\/windenergietage.de\/2026\/wp-json\/wp\/v2\/pages\/1191\/revisions\/6165"}],"wp:attachment":[{"href":"https:\/\/windenergietage.de\/2026\/wp-json\/wp\/v2\/media?parent=1191"}],"curies":[{"name":"wp","href":"https:\/\/api.w.org\/{rel}","templated":true}]}}